{"id":2065,"date":"2020-06-01T13:26:36","date_gmt":"2020-06-01T11:26:36","guid":{"rendered":"https:\/\/cepajmiribarren.educacion.navarra.es\/web\/?page_id=2065"},"modified":"2025-06-09T15:47:53","modified_gmt":"2025-06-09T13:47:53","slug":"formacion-personal-frances","status":"publish","type":"page","link":"https:\/\/cepajmiribarren.educacion.navarra.es\/web\/formacion-personal\/formacion-personal-frances\/","title":{"rendered":"Formaci\u00f3n personal: franc\u00e9s"},"content":{"rendered":"<div style=\"text-align: justify;\">\n<p>La incursi\u00f3n de las nuevas tecnolog\u00edas y el conocimiento b\u00e1sico de idiomas en nuestra vida cotidiana es una realidad, (gestiones bancarias, viajes, renovaci\u00f3n documentos, b\u00fasqueda empleo\u2026). En la <strong>Educaci\u00f3n Permanente<\/strong> somos conscientes de la necesidad de ense\u00f1ar a utilizar y aplicar el uso b\u00e1sico de las <strong>Nuevas Tecnolog\u00edas de la Informaci\u00f3n y la Comunicaci\u00f3n<\/strong>, para conseguir as\u00ed disminuir la brecha digital que existe en nuestra sociedad.<\/p>\n<p>Y en esa l\u00ednea continuamos, por eso ahora nos adaptamos a los tiempos y queremos que nadie se quede sin aprender ni conocer el mundo digital y unos conocimientos b\u00e1sicos de idiomas. De nuevo ayudamos a que esas personas adultas puedan incorporarse a la llamada sociedad de la informaci\u00f3n y el conocimiento.<\/p>\n<p>En el Plan Educativo actual, podemos ofrecer a personas de todas las edades, el gran abanico de posibilidades que les brindan las nuevas tecnolog\u00edas y el conocimiento b\u00e1sico de idiomas, una ventana abierta hacia nuevos mundos.<\/p>\n<\/div>\n<div style=\"text-align: justify;\">\n<hr \/><\/div>\n<div style=\"text-align: justify;\">\n<p style=\"text-align: left;\"><strong style=\"font-size: inherit;\"><span style=\"color: #008000; text-decoration: underline;\">FRANC\u00c9S<\/span><\/strong><\/p>\n<\/div>\n<p style=\"text-align: justify;\">El objetivo del curso es que el alumnado comprenda y se exprese en situaciones b\u00e1sicas de comunicaci\u00f3n.<\/p>\n<p>Se imparten tres horas semanales en sesiones de hora y media tanto por la ma\u00f1ana como por&nbsp;la tarde.<\/p>\n<p>El curso est\u00e1 organizado en tres niveles (A1.1, A1.2 y A2.1) y cada nivel consta de dos m\u00f3dulos.<\/p>\n<p>Puedes consultar recursos pinchando <a href=\"https:\/\/sites.google.com\/educacion.navarra.es\/frances?usp=sharing\"><span style=\"text-decoration: underline;\"><span style=\"color: #0000ff; text-decoration: underline;\"><strong>AQU\u00cd<\/strong><\/span><\/span><\/a>.<\/p>\n\n\n<figure class=\"wp-block-image size-full is-style-default\"><a href=\"https:\/\/cepajmiribarren.educacion.navarra.es\/web\/wp-content\/uploads\/2025\/06\/frances.png\"><img loading=\"lazy\" width=\"803\" height=\"350\" src=\"https:\/\/cepajmiribarren.educacion.navarra.es\/web\/wp-content\/uploads\/2025\/06\/frances.png\" alt=\"\" class=\"wp-image-4130\" srcset=\"https:\/\/cepajmiribarren.educacion.navarra.es\/web\/wp-content\/uploads\/2025\/06\/frances.png 803w, https:\/\/cepajmiribarren.educacion.navarra.es\/web\/wp-content\/uploads\/2025\/06\/frances-300x131.png 300w, https:\/\/cepajmiribarren.educacion.navarra.es\/web\/wp-content\/uploads\/2025\/06\/frances-768x335.png 768w, https:\/\/cepajmiribarren.educacion.navarra.es\/web\/wp-content\/uploads\/2025\/06\/frances-150x65.png 150w\" sizes=\"(max-width: 803px) 100vw, 803px\" \/><\/a><\/figure>\n\n\n\n<p style=\"text-align: center;\"><span style=\"text-decoration: underline;\"><a href=\"https:\/\/drive.google.com\/file\/d\/1wNyw7G8eHCPOSlFoJHr5u0lp4p8XvT1A\/view?usp=sharing\" target=\"_blank\" rel=\"noopener noreferrer\"><strong style=\"font-size: inherit;\"><span style=\"color: #3366ff;\"><span style=\"color: #0000ff; text-decoration: underline;\">M\u00e1s informaci\u00f3n sobre Franc\u00e9s<\/span><\/span><\/strong><\/a><\/span><\/p>\n","protected":false},"excerpt":{"rendered":"<p>La incursi\u00f3n de las nuevas tecnolog\u00edas y el conocimiento b\u00e1sico de idiomas en nuestra vida cotidiana es una realidad, (gestiones bancarias, viajes, renovaci\u00f3n documentos, b\u00fasqueda empleo\u2026). En la Educaci\u00f3n Permanente somos conscientes de la necesidad de ense\u00f1ar a utilizar y aplicar el uso b\u00e1sico de las Nuevas Tecnolog\u00edas de la\u2026<\/p>\n<p class=\"continue-reading-button\"> <a class=\"continue-reading-link\" href=\"https:\/\/cepajmiribarren.educacion.navarra.es\/web\/formacion-personal\/formacion-personal-frances\/\">Leer m\u00e1s..<i class=\"crycon-right-dir\"><\/i><\/a><\/p>\n","protected":false},"author":1,"featured_media":0,"parent":44,"menu_order":0,"comment_status":"closed","ping_status":"closed","template":"","meta":[],"_links":{"self":[{"href":"https:\/\/cepajmiribarren.educacion.navarra.es\/web\/wp-json\/wp\/v2\/pages\/2065"}],"collection":[{"href":"https:\/\/cepajmiribarren.educacion.navarra.es\/web\/wp-json\/wp\/v2\/pages"}],"about":[{"href":"https:\/\/cepajmiribarren.educacion.navarra.es\/web\/wp-json\/wp\/v2\/types\/page"}],"author":[{"embeddable":true,"href":"https:\/\/cepajmiribarren.educacion.navarra.es\/web\/wp-json\/wp\/v2\/users\/1"}],"replies":[{"embeddable":true,"href":"https:\/\/cepajmiribarren.educacion.navarra.es\/web\/wp-json\/wp\/v2\/comments?post=2065"}],"version-history":[{"count":19,"href":"https:\/\/cepajmiribarren.educacion.navarra.es\/web\/wp-json\/wp\/v2\/pages\/2065\/revisions"}],"predecessor-version":[{"id":4131,"href":"https:\/\/cepajmiribarren.educacion.navarra.es\/web\/wp-json\/wp\/v2\/pages\/2065\/revisions\/4131"}],"up":[{"embeddable":true,"href":"https:\/\/cepajmiribarren.educacion.navarra.es\/web\/wp-json\/wp\/v2\/pages\/44"}],"wp:attachment":[{"href":"https:\/\/cepajmiribarren.educacion.navarra.es\/web\/wp-json\/wp\/v2\/media?parent=2065"}],"curies":[{"name":"wp","href":"https:\/\/api.w.org\/{rel}","templated":true}]}}

Formación personal: francés

<div style="text-align: justify;">
<p>La incursión de las nuevas tecnologías y el conocimiento básico de idiomas en nuestra vida cotidiana es una realidad, (gestiones bancarias, viajes, renovación documentos, búsqueda empleo…). En la <strong>Educación Permanente</strong> somos conscientes de la necesidad de enseñar a utilizar y aplicar el uso básico de las <strong>Nuevas Tecnologías de la Información y la Comunicación</strong>, para conseguir así disminuir la brecha digital que existe en nuestra sociedad.</p>
<p>Y en esa línea continuamos, por eso ahora nos adaptamos a los tiempos y queremos que nadie se quede sin aprender ni conocer el mundo digital y unos conocimientos básicos de idiomas. De nuevo ayudamos a que esas personas adultas puedan incorporarse a la llamada sociedad de la información y el conocimiento.</p>
<p>En el Plan Educativo actual, podemos ofrecer a personas de todas las edades, el gran abanico de posibilidades que les brindan las nuevas tecnologías y el conocimiento básico de idiomas, una ventana abierta hacia nuevos mundos.</p>
</div>
<div style="text-align: justify;">
<hr /></div>
<div style="text-align: justify;">
<p style="text-align: left;"><strong style="font-size: inherit;"><span style="color: #008000; text-decoration: underline;">FRANCÉS</span></strong></p>
</div>
<p style="text-align: justify;">El objetivo del curso es que el alumnado comprenda y se exprese en situaciones básicas de comunicación.</p>
<p>Se imparten tres horas semanales en sesiones de hora y media tanto por la mañana como por&nbsp;la tarde.</p>
<p>El curso está organizado en tres niveles (A1.1, A1.2 y A2.1) y cada nivel consta de dos módulos.</p>
<p>Puedes consultar recursos pinchando <a href="https://sites.google.com/educacion.navarra.es/frances?usp=sharing"><span style="text-decoration: underline;"><span style="color: #0000ff; text-decoration: underline;"><strong>AQUÍ</strong></span></span></a>.</p>


<figure class="wp-block-image size-full is-style-default"><a href="https://cepajmiribarren.educacion.navarra.es/web/wp-content/uploads/2025/06/frances.png"><img loading="lazy" width="803" height="350" src="https://cepajmiribarren.educacion.navarra.es/web/wp-content/uploads/2025/06/frances.png" alt="" class="wp-image-4130" srcset="https://cepajmiribarren.educacion.navarra.es/web/wp-content/uploads/2025/06/frances.png 803w, https://cepajmiribarren.educacion.navarra.es/web/wp-content/uploads/2025/06/frances-300x131.png 300w, https://cepajmiribarren.educacion.navarra.es/web/wp-content/uploads/2025/06/frances-768x335.png 768w, https://cepajmiribarren.educacion.navarra.es/web/wp-content/uploads/2025/06/frances-150x65.png 150w" sizes="(max-width: 803px) 100vw, 803px" /></a></figure>



<p style="text-align: center;"><span style="text-decoration: underline;"><a href="https://drive.google.com/file/d/1wNyw7G8eHCPOSlFoJHr5u0lp4p8XvT1A/view?usp=sharing" target="_blank" rel="noopener noreferrer"><strong style="font-size: inherit;"><span style="color: #3366ff;"><span style="color: #0000ff; text-decoration: underline;">Más información sobre Francés</span></span></strong></a></span></p>

<p>La incursión de las nuevas tecnologías y el conocimiento básico de idiomas en nuestra vida cotidiana es una realidad, (gestiones bancarias, viajes, renovación documentos, búsqueda empleo…). En la Educación Permanente somos conscientes de la necesidad de enseñar a utilizar y aplicar el uso básico de las Nuevas Tecnologías de la…</p>
<p class="continue-reading-button"> <a class="continue-reading-link" href="https://cepajmiribarren.educacion.navarra.es/web/formacion-personal/formacion-personal-frances/">Leer más..<i class="crycon-right-dir"></i></a></p>
