{"id":2060,"date":"2020-06-01T13:20:50","date_gmt":"2020-06-01T11:20:50","guid":{"rendered":"https:\/\/cepajmiribarren.educacion.navarra.es\/web\/?page_id=2060"},"modified":"2025-06-13T13:06:04","modified_gmt":"2025-06-13T11:06:04","slug":"formacion-personal-ingles","status":"publish","type":"page","link":"https:\/\/cepajmiribarren.educacion.navarra.es\/web\/formacion-personal\/formacion-personal-ingles\/","title":{"rendered":"Formaci\u00f3n personal: ingl\u00e9s"},"content":{"rendered":"\n\n<div style=\"text-align: justify;\">\n<p>La incursi\u00f3n de las nuevas tecnolog\u00edas y el conocimiento b\u00e1sico de idiomas en nuestra vida cotidiana es una realidad, (gestiones bancarias, viajes, renovaci\u00f3n documentos, b\u00fasqueda empleo\u2026). En la <strong>Educaci\u00f3n Permanente<\/strong> somos conscientes de la necesidad de ense\u00f1ar a utilizar y aplicar el uso b\u00e1sico de las <strong>Nuevas Tecnolog\u00edas de la Informaci\u00f3n y la Comunicaci\u00f3n<\/strong>, para conseguir as\u00ed disminuir la brecha digital que existe en nuestra sociedad.<\/p>\n<p>Y en esa l\u00ednea continuamos, por eso ahora nos adaptamos a los tiempos y queremos que nadie se quede sin aprender ni conocer el mundo digital y unos conocimientos b\u00e1sicos de idiomas. De nuevo ayudamos a que esas personas adultas puedan incorporarse a la llamada sociedad de la informaci\u00f3n y el conocimiento.<\/p>\n<p>En el Plan Educativo actual, podemos ofrecer a personas de todas las edades, el gran abanico de posibilidades que les brindan las nuevas tecnolog\u00edas y el conocimiento b\u00e1sico de idiomas, una ventana abierta hacia nuevos mundos.<\/p>\n<\/div>\n<div style=\"text-align: justify;\"><hr \/><\/div>\n<p style=\"text-align: justify;\"><span style=\"text-decoration: underline; color: #008000;\"><strong>INGL\u00c9S<\/strong><\/span><\/p>\n<div style=\"text-align: justify;\">\n<p style=\"text-align: justify;\">El objetivo del curso es que el alumnado comprenda y se exprese en situaciones b\u00e1sicas de comunicaci\u00f3n.<\/p>\n<p style=\"text-align: left;\">Se imparten tres horas semanales en sesiones de hora y media.<\/p>\n<p style=\"text-align: left;\">El curso est\u00e1 organizado en cinco niveles (A1.1, A1.2 , A2.1,\u00a0 A2.2 y B1.1) y cada nivel consta de dos m\u00f3dulos cuatrimestrales.<\/p>\n<p>Puedes consultar los recursos pinchando <span style=\"text-decoration: underline;\"><strong><span style=\"color: #3366ff; text-decoration: underline;\"><a style=\"color: #3366ff; text-decoration: underline;\" href=\"https:\/\/sites.google.com\/educacion.navarra.es\/englishiribarren\/inicio\" target=\"_blank\" rel=\"noopener\">AQU\u00cd<\/a><\/span><\/strong><\/span><\/p>\n<p>\u00a0<\/p>\n<\/div>\n\n\n<figure class=\"wp-block-image size-full\"><a href=\"https:\/\/cepajmiribarren.educacion.navarra.es\/web\/wp-content\/uploads\/2025\/06\/INGLES.png\"><img loading=\"lazy\" width=\"905\" height=\"362\" src=\"https:\/\/cepajmiribarren.educacion.navarra.es\/web\/wp-content\/uploads\/2025\/06\/INGLES.png\" alt=\"\" class=\"wp-image-4139\" srcset=\"https:\/\/cepajmiribarren.educacion.navarra.es\/web\/wp-content\/uploads\/2025\/06\/INGLES.png 905w, https:\/\/cepajmiribarren.educacion.navarra.es\/web\/wp-content\/uploads\/2025\/06\/INGLES-300x120.png 300w, https:\/\/cepajmiribarren.educacion.navarra.es\/web\/wp-content\/uploads\/2025\/06\/INGLES-768x307.png 768w, https:\/\/cepajmiribarren.educacion.navarra.es\/web\/wp-content\/uploads\/2025\/06\/INGLES-150x60.png 150w\" sizes=\"(max-width: 905px) 100vw, 905px\" \/><\/a><\/figure>\n\n\n\n<p style=\"text-align: center;\"><strong style=\"font-size: inherit;\"><span style=\"text-decoration: underline;\"><span style=\"color: #3366ff;\"><span style=\"color: #0000ff;\"><a style=\"color: #0000ff; text-decoration: underline;\" href=\"https:\/\/drive.google.com\/file\/d\/11VH-WZ_GRsF4IPjz9n5dA9rjfLQI8M4r\/view?usp=sharing\" target=\"_blank\" rel=\"noopener noreferrer\">M\u00e1s informaci\u00f3n sobre Ingl\u00e9s<\/a><\/span><\/span><\/span><\/strong><\/p>\n","protected":false},"excerpt":{"rendered":"<p>La incursi\u00f3n de las nuevas tecnolog\u00edas y el conocimiento b\u00e1sico de idiomas en nuestra vida cotidiana es una realidad, (gestiones bancarias, viajes, renovaci\u00f3n documentos, b\u00fasqueda empleo\u2026). En la Educaci\u00f3n Permanente somos conscientes de la necesidad de ense\u00f1ar a utilizar y aplicar el uso b\u00e1sico de las Nuevas Tecnolog\u00edas de la\u2026<\/p>\n<p class=\"continue-reading-button\"> <a class=\"continue-reading-link\" href=\"https:\/\/cepajmiribarren.educacion.navarra.es\/web\/formacion-personal\/formacion-personal-ingles\/\">Leer m\u00e1s..<i class=\"crycon-right-dir\"><\/i><\/a><\/p>\n","protected":false},"author":1,"featured_media":0,"parent":44,"menu_order":0,"comment_status":"closed","ping_status":"closed","template":"","meta":[],"_links":{"self":[{"href":"https:\/\/cepajmiribarren.educacion.navarra.es\/web\/wp-json\/wp\/v2\/pages\/2060"}],"collection":[{"href":"https:\/\/cepajmiribarren.educacion.navarra.es\/web\/wp-json\/wp\/v2\/pages"}],"about":[{"href":"https:\/\/cepajmiribarren.educacion.navarra.es\/web\/wp-json\/wp\/v2\/types\/page"}],"author":[{"embeddable":true,"href":"https:\/\/cepajmiribarren.educacion.navarra.es\/web\/wp-json\/wp\/v2\/users\/1"}],"replies":[{"embeddable":true,"href":"https:\/\/cepajmiribarren.educacion.navarra.es\/web\/wp-json\/wp\/v2\/comments?post=2060"}],"version-history":[{"count":19,"href":"https:\/\/cepajmiribarren.educacion.navarra.es\/web\/wp-json\/wp\/v2\/pages\/2060\/revisions"}],"predecessor-version":[{"id":4141,"href":"https:\/\/cepajmiribarren.educacion.navarra.es\/web\/wp-json\/wp\/v2\/pages\/2060\/revisions\/4141"}],"up":[{"embeddable":true,"href":"https:\/\/cepajmiribarren.educacion.navarra.es\/web\/wp-json\/wp\/v2\/pages\/44"}],"wp:attachment":[{"href":"https:\/\/cepajmiribarren.educacion.navarra.es\/web\/wp-json\/wp\/v2\/media?parent=2060"}],"curies":[{"name":"wp","href":"https:\/\/api.w.org\/{rel}","templated":true}]}}